{"id":2188,"date":"2022-08-16T22:29:55","date_gmt":"2022-08-16T20:29:55","guid":{"rendered":"https:\/\/simply-qigong.de\/?page_id=2188"},"modified":"2022-08-26T16:32:19","modified_gmt":"2022-08-26T14:32:19","slug":"qigong-stile","status":"publish","type":"page","link":"https:\/\/simply-qigong.de\/?page_id=2188","title":{"rendered":"Qigong-Stile"},"content":{"rendered":"<p>[et_pb_section fb_built=&#8220;1&#8243; _builder_version=&#8220;4.18.0&#8243; _module_preset=&#8220;default&#8220; background_color=&#8220;rgba(0,0,0,0.6)&#8220; background_image=&#8220;https:\/\/simply-qigong.de\/wp-content\/uploads\/2022\/08\/2022_4-scaled.jpeg&#8220; background_position=&#8220;top_center&#8220; background_vertical_offset=&#8220;57%&#8220; background_blend=&#8220;darken&#8220; locked=&#8220;off&#8220; global_colors_info=&#8220;{}&#8220;][et_pb_row _builder_version=&#8220;4.16&#8243; _module_preset=&#8220;default&#8220; width=&#8220;90%&#8220; max_width=&#8220;1200px&#8220; custom_padding=&#8220;100px||100px||true|false&#8220; global_colors_info=&#8220;{}&#8220;][et_pb_column type=&#8220;4_4&#8243; _builder_version=&#8220;4.16&#8243; _module_preset=&#8220;default&#8220; global_colors_info=&#8220;{}&#8220;][et_pb_text _builder_version=&#8220;4.18.0&#8243; _module_preset=&#8220;default&#8220; text_font=&#8220;Poppins|700|||||||&#8220; text_text_color=&#8220;#FFFFFF&#8220; text_font_size=&#8220;48px&#8220; custom_margin_tablet=&#8220;&#8220; custom_margin_phone=&#8220;||15px||false|false&#8220; custom_margin_last_edited=&#8220;on|phone&#8220; text_font_size_tablet=&#8220;&#8220; text_font_size_phone=&#8220;25px&#8220; text_font_size_last_edited=&#8220;on|phone&#8220; text_orientation_tablet=&#8220;center&#8220; text_orientation_phone=&#8220;&#8220; text_orientation_last_edited=&#8220;on|tablet&#8220; global_colors_info=&#8220;{}&#8220;]<\/p>\n<p>Qigong-Stile<\/p>\n<p>[\/et_pb_text][et_pb_text module_class=&#8220;fitnessaboutus_section1_headertext&#8220; _builder_version=&#8220;4.18.0&#8243; _module_preset=&#8220;default&#8220; link_font=&#8220;Poppins||||||||&#8220; link_text_color=&#8220;#FFFFFF&#8220; link_font_size=&#8220;18px&#8220; link_font_size_tablet=&#8220;&#8220; link_font_size_phone=&#8220;14px&#8220; link_font_size_last_edited=&#8220;on|phone&#8220; text_orientation_tablet=&#8220;center&#8220; text_orientation_phone=&#8220;&#8220; text_orientation_last_edited=&#8220;on|tablet&#8220; global_colors_info=&#8220;{}&#8220;]<\/p>\n<p><a href=\"#\"> Home <\/a> <a class=\"fitnessaboutus_section1_text\"> Qigong-Stile<\/a><\/p>\n<p>[\/et_pb_text][et_pb_code _builder_version=&#8220;4.16&#8243; _module_preset=&#8220;default&#8220; global_colors_info=&#8220;{}&#8220;]<\/p>\n<style><!-- [et_pb_line_break_holder] -->  .fitnessaboutus_section3_video .fluid-width-video-wrapper{height:345px;}<!-- [et_pb_line_break_holder] -->\t.fitnessaboutus_section1_headertext .fitnessaboutus_section1_text:before{<!-- [et_pb_line_break_holder] -->    content: \"\\35\";<!-- [et_pb_line_break_holder] -->    font-family: 'ETmodules';<!-- [et_pb_line_break_holder] -->    position: relative;<!-- [et_pb_line_break_holder] -->    vertical-align: middle;<!-- [et_pb_line_break_holder] -->    margin: 0 5px;<!-- [et_pb_line_break_holder] -->    top: -2px;<!-- [et_pb_line_break_holder] -->    display: inline-block;<!-- [et_pb_line_break_holder] -->    color: #fff;<!-- [et_pb_line_break_holder] -->  }<!-- [et_pb_line_break_holder] -->  <!-- [et_pb_line_break_holder] -->  .fitnessaboutus_section1_headertext a:first-child{<!-- [et_pb_line_break_holder] -->    color: #E31C25;<!-- [et_pb_line_break_holder] -->  }<!-- [et_pb_line_break_holder] -->  <!-- [et_pb_line_break_holder] -->  .fitnessaboutus_section1_headertext a:first-child:hover{<!-- [et_pb_line_break_holder] -->    color: #fff;<!-- [et_pb_line_break_holder] -->  }<!-- [et_pb_line_break_holder] -->  <!-- [et_pb_line_break_holder] -->  .fitnessaboutus_section1_headertext .fitnessaboutus_section1_text{<!-- [et_pb_line_break_holder] -->    color: #fff;<!-- [et_pb_line_break_holder] -->  }<!-- [et_pb_line_break_holder] -->  <!-- [et_pb_line_break_holder] -->  .fitnessaboutus_section3_blurb .et_pb_blurb_content  .et_pb_blurb_container{<!-- [et_pb_line_break_holder] -->    padding-left: 0;<!-- [et_pb_line_break_holder] -->  }<!-- [et_pb_line_break_holder] -->  <!-- [et_pb_line_break_holder] -->  .fitnessaboutus_section5_cta .et_pb_button_wrapper .et_pb_button:before{<!-- [et_pb_line_break_holder] -->    content: \"\" !important;<!-- [et_pb_line_break_holder] -->    visibility: visible !important;<!-- [et_pb_line_break_holder] -->    background: #e31c25;<!-- [et_pb_line_break_holder] -->    width: calc(30px - 1px);<!-- [et_pb_line_break_holder] -->    display: inline-block;<!-- [et_pb_line_break_holder] -->    height: 1px;<!-- [et_pb_line_break_holder] -->    vertical-align: middle;<!-- [et_pb_line_break_holder] -->    opacity: 1 !important;<!-- [et_pb_line_break_holder] -->    margin-right: 15px;<!-- [et_pb_line_break_holder] -->    z-index: 9;<!-- [et_pb_line_break_holder] -->    transition: all 0.5s ease-in-out;<!-- [et_pb_line_break_holder] -->    transition: all 0.5s ease-in-out;<!-- [et_pb_line_break_holder] -->    -moz-transition: all 0.5s ease-in-out;<!-- [et_pb_line_break_holder] -->    -ms-transition: all 0.5s ease-in-out;<!-- [et_pb_line_break_holder] -->    -o-transition: all 0.5s ease-in-out;<!-- [et_pb_line_break_holder] -->    -webkit-transition: all 0.5s ease-in-out;<!-- [et_pb_line_break_holder] -->    z-index: 1;<!-- [et_pb_line_break_holder] -->    position: relative;<!-- [et_pb_line_break_holder] -->  }<!-- [et_pb_line_break_holder] -->  <!-- [et_pb_line_break_holder] -->  .fitnessaboutus_section5_column .fitnessaboutus_section5_cta .et_pb_button_wrapper .et_pb_button:hover:before{<!-- [et_pb_line_break_holder] -->    width: calc(45px - 1px);<!-- [et_pb_line_break_holder] -->  }<!-- [et_pb_line_break_holder] -->  <!-- [et_pb_line_break_holder] -->  .fitnessaboutus_section5_image .et_pb_image_wrap img{<!-- [et_pb_line_break_holder] -->    -webkit-transform: scale(1);<!-- [et_pb_line_break_holder] -->    transform: scale(1);<!-- [et_pb_line_break_holder] -->    -webkit-transition: 0.5s ease-in-out;<!-- [et_pb_line_break_holder] -->    transition: 0.5s ease-in-out;<!-- [et_pb_line_break_holder] -->  }<!-- [et_pb_line_break_holder] -->  <!-- [et_pb_line_break_holder] -->  .fitnessaboutus_section5_column:hover .fitnessaboutus_section5_image .et_pb_image_wrap img{<!-- [et_pb_line_break_holder] -->    -webkit-transform: scale(1.1);<!-- [et_pb_line_break_holder] -->    transform: scale(1.1);<!-- [et_pb_line_break_holder] -->  }<!-- [et_pb_line_break_holder] -->  <!-- [et_pb_line_break_holder] -->  .fitnessaboutus_section6_blurb .et_pb_blurb_content .et_pb_main_blurb_image .et-pb-icon {<!-- [et_pb_line_break_holder] -->    padding-top: 15px;<!-- [et_pb_line_break_holder] -->}<!-- [et_pb_line_break_holder] -->  .fitnessaboutus_contact .et_contact_bottom_container{padding: 0 0 0 3%;float:none;}<!-- [et_pb_line_break_holder] -->  @media only screen and (max-width: 767px){<!-- [et_pb_line_break_holder] -->    .fitnessaboutus_section6_blurb .et_pb_blurb_content .et_pb_main_blurb_image .et-pb-icon {<!-- [et_pb_line_break_holder] -->    padding-top: 5px;<!-- [et_pb_line_break_holder] -->}<!-- [et_pb_line_break_holder] -->  }<!-- [et_pb_line_break_holder] --><\/style>\n<p>[\/et_pb_code][\/et_pb_column][\/et_pb_row][\/et_pb_section][et_pb_section fb_built=&#8220;1&#8243; _builder_version=&#8220;4.16&#8243; _module_preset=&#8220;default&#8220; global_colors_info=&#8220;{}&#8220;][et_pb_row _builder_version=&#8220;4.18.0&#8243; _module_preset=&#8220;default&#8220; custom_margin=&#8220;1px|auto||auto||&#8220; global_colors_info=&#8220;{}&#8220;][et_pb_column type=&#8220;4_4&#8243; _builder_version=&#8220;4.18.0&#8243; _module_preset=&#8220;default&#8220; global_colors_info=&#8220;{}&#8220;][et_pb_text _builder_version=&#8220;4.18.0&#8243; _module_preset=&#8220;default&#8220; text_font=&#8220;Poppins||||||||&#8220; text_text_color=&#8220;#5e5e5e&#8220; text_font_size=&#8220;16px&#8220; text_orientation=&#8220;center&#8220; hover_enabled=&#8220;0&#8243; global_colors_info=&#8220;{}&#8220; sticky_enabled=&#8220;0&#8243;]<\/p>\n<p style=\"text-align: justify;\">Im Laufe der Zeit haben sich, vergleichbar mit der Entwicklung beim Yoga, etliche ganz unterschiedliche Qigong-Stile herausgebildet. Grunds\u00e4tzlich unterscheidet man zwischen stillen, also rein meditativen Formen und solchen in Bewegung. Hierzu geh\u00f6ren als bekanntere Beispiele etwa:<\/p>\n<p>[\/et_pb_text][\/et_pb_column][\/et_pb_row][et_pb_row column_structure=&#8220;2_5,3_5&#8243; _builder_version=&#8220;4.18.0&#8243; _module_preset=&#8220;default&#8220; custom_padding=&#8220;12px||4px|||&#8220; global_colors_info=&#8220;{}&#8220;][et_pb_column type=&#8220;2_5&#8243; _builder_version=&#8220;4.18.0&#8243; _module_preset=&#8220;default&#8220; global_colors_info=&#8220;{}&#8220;][et_pb_blurb title=&#8220;Das Spiel der 5 Tiere&#8220; use_icon=&#8220;on&#8220; font_icon=&#8220;&#x4e;||divi||400&#8243; icon_color=&#8220;#000000&#8243; icon_placement=&#8220;left&#8220; image_icon_width=&#8220;18px&#8220; content_max_width=&#8220;100%&#8220; icon_placement_tablet=&#8220;top&#8220; icon_placement_phone=&#8220;&#8220; icon_placement_last_edited=&#8220;on|tablet&#8220; image_icon_width_tablet=&#8220;&#8220; image_icon_width_phone=&#8220;&#8220; image_icon_width_last_edited=&#8220;on|tablet&#8220; module_class=&#8220;fitnessaboutus_section3_blurb&#8220; _builder_version=&#8220;4.18.0&#8243; _module_preset=&#8220;default&#8220; header_font=&#8220;Poppins|300|||||||&#8220; header_font_size=&#8220;16px&#8220; image_icon_custom_padding_tablet=&#8220;&#8220; image_icon_custom_padding_phone=&#8220;&#8220; image_icon_custom_padding_last_edited=&#8220;on|tablet&#8220; custom_margin=&#8220;||10px||false|false&#8220; text_orientation_tablet=&#8220;center&#8220; text_orientation_phone=&#8220;&#8220; text_orientation_last_edited=&#8220;on|tablet&#8220; border_width_all_image_tablet=&#8220;&#8220; border_width_all_image_phone=&#8220;&#8220; border_width_all_image_last_edited=&#8220;on|tablet&#8220; icon_font_size=&#8220;18px&#8220; global_colors_info=&#8220;{}&#8220; custom_css_blurb_image_last_edited=&#8220;on|tablet&#8220; custom_css_blurb_image_tablet=&#8220;margin-bottom:15px;&#8220; custom_css_blurb_image_phone=&#8220;margin-bottom:15px;&#8220;][\/et_pb_blurb][et_pb_blurb title=&#8220;Kranich-Qigong&#8220; use_icon=&#8220;on&#8220; font_icon=&#8220;&#x4e;||divi||400&#8243; icon_color=&#8220;#000000&#8243; icon_placement=&#8220;left&#8220; image_icon_width=&#8220;18px&#8220; content_max_width=&#8220;100%&#8220; icon_placement_tablet=&#8220;top&#8220; icon_placement_phone=&#8220;&#8220; icon_placement_last_edited=&#8220;on|tablet&#8220; image_icon_width_tablet=&#8220;&#8220; image_icon_width_phone=&#8220;&#8220; image_icon_width_last_edited=&#8220;on|tablet&#8220; module_class=&#8220;fitnessaboutus_section3_blurb&#8220; _builder_version=&#8220;4.18.0&#8243; _module_preset=&#8220;default&#8220; header_font=&#8220;Poppins|300|||||||&#8220; header_font_size=&#8220;16px&#8220; image_icon_custom_padding_tablet=&#8220;&#8220; image_icon_custom_padding_phone=&#8220;&#8220; image_icon_custom_padding_last_edited=&#8220;on|tablet&#8220; custom_margin=&#8220;||10px||false|false&#8220; text_orientation_tablet=&#8220;center&#8220; text_orientation_phone=&#8220;&#8220; text_orientation_last_edited=&#8220;on|tablet&#8220; border_width_all_image_tablet=&#8220;&#8220; border_width_all_image_phone=&#8220;&#8220; border_width_all_image_last_edited=&#8220;on|tablet&#8220; icon_font_size=&#8220;18px&#8220; global_colors_info=&#8220;{}&#8220; custom_css_blurb_image_last_edited=&#8220;on|tablet&#8220; custom_css_blurb_image_tablet=&#8220;margin-bottom:15px;&#8220; custom_css_blurb_image_phone=&#8220;margin-bottom:15px;&#8220;][\/et_pb_blurb][et_pb_blurb title=&#8220;Wildgans-Qigong&#8220; use_icon=&#8220;on&#8220; font_icon=&#8220;&#x4e;||divi||400&#8243; icon_color=&#8220;#000000&#8243; icon_placement=&#8220;left&#8220; image_icon_width=&#8220;18px&#8220; content_max_width=&#8220;100%&#8220; icon_placement_tablet=&#8220;top&#8220; icon_placement_phone=&#8220;&#8220; icon_placement_last_edited=&#8220;on|tablet&#8220; image_icon_width_tablet=&#8220;&#8220; image_icon_width_phone=&#8220;&#8220; image_icon_width_last_edited=&#8220;on|tablet&#8220; module_class=&#8220;fitnessaboutus_section3_blurb&#8220; _builder_version=&#8220;4.18.0&#8243; _module_preset=&#8220;default&#8220; header_font=&#8220;Poppins|300|||||||&#8220; header_font_size=&#8220;16px&#8220; image_icon_custom_padding_tablet=&#8220;&#8220; image_icon_custom_padding_phone=&#8220;&#8220; image_icon_custom_padding_last_edited=&#8220;on|tablet&#8220; custom_margin=&#8220;||10px||false|false&#8220; text_orientation_tablet=&#8220;center&#8220; text_orientation_phone=&#8220;&#8220; text_orientation_last_edited=&#8220;on|tablet&#8220; border_width_all_image_tablet=&#8220;&#8220; border_width_all_image_phone=&#8220;&#8220; border_width_all_image_last_edited=&#8220;on|tablet&#8220; icon_font_size=&#8220;18px&#8220; global_colors_info=&#8220;{}&#8220; custom_css_blurb_image_last_edited=&#8220;on|tablet&#8220; custom_css_blurb_image_tablet=&#8220;margin-bottom:15px;&#8220; custom_css_blurb_image_phone=&#8220;margin-bottom:15px;&#8220;][\/et_pb_blurb][et_pb_blurb title=&#8220;Duft-Qigong&#8220; use_icon=&#8220;on&#8220; font_icon=&#8220;&#x4e;||divi||400&#8243; icon_color=&#8220;#000000&#8243; icon_placement=&#8220;left&#8220; image_icon_width=&#8220;18px&#8220; content_max_width=&#8220;100%&#8220; icon_placement_tablet=&#8220;top&#8220; icon_placement_phone=&#8220;&#8220; icon_placement_last_edited=&#8220;on|tablet&#8220; image_icon_width_tablet=&#8220;&#8220; image_icon_width_phone=&#8220;&#8220; image_icon_width_last_edited=&#8220;on|tablet&#8220; module_class=&#8220;fitnessaboutus_section3_blurb&#8220; _builder_version=&#8220;4.18.0&#8243; _module_preset=&#8220;default&#8220; header_font=&#8220;Poppins|300|||||||&#8220; header_font_size=&#8220;16px&#8220; image_icon_custom_padding_tablet=&#8220;&#8220; image_icon_custom_padding_phone=&#8220;&#8220; image_icon_custom_padding_last_edited=&#8220;on|tablet&#8220; custom_margin=&#8220;||10px||false|false&#8220; text_orientation_tablet=&#8220;center&#8220; text_orientation_phone=&#8220;&#8220; text_orientation_last_edited=&#8220;on|tablet&#8220; border_width_all_image_tablet=&#8220;&#8220; border_width_all_image_phone=&#8220;&#8220; border_width_all_image_last_edited=&#8220;on|tablet&#8220; icon_font_size=&#8220;18px&#8220; global_colors_info=&#8220;{}&#8220; custom_css_blurb_image_last_edited=&#8220;on|tablet&#8220; custom_css_blurb_image_tablet=&#8220;margin-bottom:15px;&#8220; custom_css_blurb_image_phone=&#8220;margin-bottom:15px;&#8220;][\/et_pb_blurb][et_pb_blurb title=&#8220;Qigong der vier Jahreszeiten&#8220; use_icon=&#8220;on&#8220; font_icon=&#8220;&#x4e;||divi||400&#8243; icon_color=&#8220;#000000&#8243; icon_placement=&#8220;left&#8220; image_icon_width=&#8220;18px&#8220; content_max_width=&#8220;100%&#8220; icon_placement_tablet=&#8220;top&#8220; icon_placement_phone=&#8220;&#8220; icon_placement_last_edited=&#8220;on|tablet&#8220; image_icon_width_tablet=&#8220;&#8220; image_icon_width_phone=&#8220;&#8220; image_icon_width_last_edited=&#8220;on|tablet&#8220; module_class=&#8220;fitnessaboutus_section3_blurb&#8220; _builder_version=&#8220;4.18.0&#8243; _module_preset=&#8220;default&#8220; header_font=&#8220;Poppins|300|||||||&#8220; header_font_size=&#8220;16px&#8220; image_icon_custom_padding_tablet=&#8220;&#8220; image_icon_custom_padding_phone=&#8220;&#8220; image_icon_custom_padding_last_edited=&#8220;on|tablet&#8220; custom_margin=&#8220;||10px||false|false&#8220; text_orientation_tablet=&#8220;center&#8220; text_orientation_phone=&#8220;&#8220; text_orientation_last_edited=&#8220;on|tablet&#8220; border_width_all_image_tablet=&#8220;&#8220; border_width_all_image_phone=&#8220;&#8220; border_width_all_image_last_edited=&#8220;on|tablet&#8220; icon_font_size=&#8220;18px&#8220; global_colors_info=&#8220;{}&#8220; custom_css_blurb_image_last_edited=&#8220;on|tablet&#8220; custom_css_blurb_image_tablet=&#8220;margin-bottom:15px;&#8220; custom_css_blurb_image_phone=&#8220;margin-bottom:15px;&#8220;][\/et_pb_blurb][\/et_pb_column][et_pb_column type=&#8220;3_5&#8243; _builder_version=&#8220;4.18.0&#8243; _module_preset=&#8220;default&#8220; global_colors_info=&#8220;{}&#8220;][et_pb_blurb title=&#8220;Chan Mi Gong&#8220; use_icon=&#8220;on&#8220; font_icon=&#8220;&#x4e;||divi||400&#8243; icon_color=&#8220;#000000&#8243; icon_placement=&#8220;left&#8220; image_icon_width=&#8220;18px&#8220; content_max_width=&#8220;100%&#8220; icon_placement_tablet=&#8220;top&#8220; icon_placement_phone=&#8220;&#8220; icon_placement_last_edited=&#8220;on|tablet&#8220; image_icon_width_tablet=&#8220;&#8220; image_icon_width_phone=&#8220;&#8220; image_icon_width_last_edited=&#8220;on|tablet&#8220; module_class=&#8220;fitnessaboutus_section3_blurb&#8220; _builder_version=&#8220;4.18.0&#8243; _module_preset=&#8220;default&#8220; header_font=&#8220;Poppins|300|||||||&#8220; header_font_size=&#8220;16px&#8220; image_icon_custom_padding_tablet=&#8220;&#8220; image_icon_custom_padding_phone=&#8220;&#8220; image_icon_custom_padding_last_edited=&#8220;on|tablet&#8220; custom_margin=&#8220;||10px||false|false&#8220; text_orientation_tablet=&#8220;center&#8220; text_orientation_phone=&#8220;&#8220; text_orientation_last_edited=&#8220;on|tablet&#8220; border_width_all_image_tablet=&#8220;&#8220; border_width_all_image_phone=&#8220;&#8220; border_width_all_image_last_edited=&#8220;on|tablet&#8220; icon_font_size=&#8220;18px&#8220; global_colors_info=&#8220;{}&#8220; custom_css_blurb_image_last_edited=&#8220;on|tablet&#8220; custom_css_blurb_image_tablet=&#8220;margin-bottom:15px;&#8220; custom_css_blurb_image_phone=&#8220;margin-bottom:15px;&#8220;][\/et_pb_blurb][et_pb_blurb title=&#8220;Nei Yang Gong&#8220; use_icon=&#8220;on&#8220; font_icon=&#8220;&#x4e;||divi||400&#8243; icon_color=&#8220;#000000&#8243; icon_placement=&#8220;left&#8220; image_icon_width=&#8220;18px&#8220; content_max_width=&#8220;100%&#8220; icon_placement_tablet=&#8220;top&#8220; icon_placement_phone=&#8220;&#8220; icon_placement_last_edited=&#8220;on|tablet&#8220; image_icon_width_tablet=&#8220;&#8220; image_icon_width_phone=&#8220;&#8220; image_icon_width_last_edited=&#8220;on|tablet&#8220; module_class=&#8220;fitnessaboutus_section3_blurb&#8220; _builder_version=&#8220;4.18.0&#8243; _module_preset=&#8220;default&#8220; header_font=&#8220;Poppins|300|||||||&#8220; header_font_size=&#8220;16px&#8220; image_icon_custom_padding_tablet=&#8220;&#8220; image_icon_custom_padding_phone=&#8220;&#8220; image_icon_custom_padding_last_edited=&#8220;on|tablet&#8220; custom_margin=&#8220;||10px||false|false&#8220; text_orientation_tablet=&#8220;center&#8220; text_orientation_phone=&#8220;&#8220; text_orientation_last_edited=&#8220;on|tablet&#8220; border_width_all_image_tablet=&#8220;&#8220; border_width_all_image_phone=&#8220;&#8220; border_width_all_image_last_edited=&#8220;on|tablet&#8220; icon_font_size=&#8220;18px&#8220; global_colors_info=&#8220;{}&#8220; custom_css_blurb_image_last_edited=&#8220;on|tablet&#8220; custom_css_blurb_image_tablet=&#8220;margin-bottom:15px;&#8220; custom_css_blurb_image_phone=&#8220;margin-bottom:15px;&#8220;][\/et_pb_blurb][et_pb_blurb title=&#8220;Sechs heilende Laute Qigong&#8220; use_icon=&#8220;on&#8220; font_icon=&#8220;&#x4e;||divi||400&#8243; icon_color=&#8220;#000000&#8243; icon_placement=&#8220;left&#8220; image_icon_width=&#8220;18px&#8220; content_max_width=&#8220;100%&#8220; icon_placement_tablet=&#8220;top&#8220; icon_placement_phone=&#8220;&#8220; icon_placement_last_edited=&#8220;on|tablet&#8220; image_icon_width_tablet=&#8220;&#8220; image_icon_width_phone=&#8220;&#8220; image_icon_width_last_edited=&#8220;on|tablet&#8220; module_class=&#8220;fitnessaboutus_section3_blurb&#8220; _builder_version=&#8220;4.18.0&#8243; _module_preset=&#8220;default&#8220; header_font=&#8220;Poppins|300|||||||&#8220; header_font_size=&#8220;16px&#8220; image_icon_custom_padding_tablet=&#8220;&#8220; image_icon_custom_padding_phone=&#8220;&#8220; image_icon_custom_padding_last_edited=&#8220;on|tablet&#8220; custom_margin=&#8220;||10px||false|false&#8220; text_orientation_tablet=&#8220;center&#8220; text_orientation_phone=&#8220;&#8220; text_orientation_last_edited=&#8220;on|tablet&#8220; border_width_all_image_tablet=&#8220;&#8220; border_width_all_image_phone=&#8220;&#8220; border_width_all_image_last_edited=&#8220;on|tablet&#8220; icon_font_size=&#8220;18px&#8220; global_colors_info=&#8220;{}&#8220; custom_css_blurb_image_last_edited=&#8220;on|tablet&#8220; custom_css_blurb_image_tablet=&#8220;margin-bottom:15px;&#8220; custom_css_blurb_image_phone=&#8220;margin-bottom:15px;&#8220;][\/et_pb_blurb][et_pb_blurb title=&#8220;Die 8 Brokat\u00fcbungen&#8220; use_icon=&#8220;on&#8220; font_icon=&#8220;&#x4e;||divi||400&#8243; icon_color=&#8220;#000000&#8243; icon_placement=&#8220;left&#8220; image_icon_width=&#8220;18px&#8220; content_max_width=&#8220;100%&#8220; icon_placement_tablet=&#8220;top&#8220; icon_placement_phone=&#8220;&#8220; icon_placement_last_edited=&#8220;on|tablet&#8220; image_icon_width_tablet=&#8220;&#8220; image_icon_width_phone=&#8220;&#8220; image_icon_width_last_edited=&#8220;on|tablet&#8220; module_class=&#8220;fitnessaboutus_section3_blurb&#8220; _builder_version=&#8220;4.18.0&#8243; _module_preset=&#8220;default&#8220; header_font=&#8220;Poppins|700|||||||&#8220; header_font_size=&#8220;16px&#8220; image_icon_custom_padding_tablet=&#8220;&#8220; image_icon_custom_padding_phone=&#8220;&#8220; image_icon_custom_padding_last_edited=&#8220;on|tablet&#8220; custom_margin=&#8220;||10px||false|false&#8220; text_orientation_tablet=&#8220;center&#8220; text_orientation_phone=&#8220;&#8220; text_orientation_last_edited=&#8220;on|tablet&#8220; border_width_all_image_tablet=&#8220;&#8220; border_width_all_image_phone=&#8220;&#8220; border_width_all_image_last_edited=&#8220;on|tablet&#8220; icon_font_size=&#8220;18px&#8220; global_colors_info=&#8220;{}&#8220; custom_css_blurb_image_last_edited=&#8220;on|tablet&#8220; custom_css_blurb_image_tablet=&#8220;margin-bottom:15px;&#8220; custom_css_blurb_image_phone=&#8220;margin-bottom:15px;&#8220;][\/et_pb_blurb][et_pb_blurb title=&#8220;Die 18 Bewegungen des Taiji-Qigong&#8220; use_icon=&#8220;on&#8220; font_icon=&#8220;&#x4e;||divi||400&#8243; icon_color=&#8220;#000000&#8243; icon_placement=&#8220;left&#8220; image_icon_width=&#8220;18px&#8220; content_max_width=&#8220;100%&#8220; icon_placement_tablet=&#8220;top&#8220; icon_placement_phone=&#8220;&#8220; icon_placement_last_edited=&#8220;on|tablet&#8220; image_icon_width_tablet=&#8220;&#8220; image_icon_width_phone=&#8220;&#8220; image_icon_width_last_edited=&#8220;on|tablet&#8220; module_class=&#8220;fitnessaboutus_section3_blurb&#8220; _builder_version=&#8220;4.18.0&#8243; _module_preset=&#8220;default&#8220; header_font=&#8220;Poppins|700|||||||&#8220; header_font_size=&#8220;16px&#8220; image_icon_custom_padding_tablet=&#8220;&#8220; image_icon_custom_padding_phone=&#8220;&#8220; image_icon_custom_padding_last_edited=&#8220;on|tablet&#8220; custom_margin=&#8220;||10px||false|false&#8220; text_orientation_tablet=&#8220;center&#8220; text_orientation_phone=&#8220;&#8220; text_orientation_last_edited=&#8220;on|tablet&#8220; border_width_all_image_tablet=&#8220;&#8220; border_width_all_image_phone=&#8220;&#8220; border_width_all_image_last_edited=&#8220;on|tablet&#8220; icon_font_size=&#8220;18px&#8220; global_colors_info=&#8220;{}&#8220; custom_css_blurb_image_last_edited=&#8220;on|tablet&#8220; custom_css_blurb_image_tablet=&#8220;margin-bottom:15px;&#8220; custom_css_blurb_image_phone=&#8220;margin-bottom:15px;&#8220;][\/et_pb_blurb][\/et_pb_column][\/et_pb_row][et_pb_row _builder_version=&#8220;4.18.0&#8243; _module_preset=&#8220;default&#8220; global_colors_info=&#8220;{}&#8220;][et_pb_column type=&#8220;4_4&#8243; _builder_version=&#8220;4.18.0&#8243; _module_preset=&#8220;default&#8220; global_colors_info=&#8220;{}&#8220;][et_pb_text _builder_version=&#8220;4.18.0&#8243; _module_preset=&#8220;default&#8220; text_font=&#8220;Poppins||||||||&#8220; text_text_color=&#8220;#5e5e5e&#8220; text_font_size=&#8220;16px&#8220; text_orientation=&#8220;center&#8220; hover_enabled=&#8220;0&#8243; global_colors_info=&#8220;{}&#8220; sticky_enabled=&#8220;0&#8243;]<\/p>\n<p style=\"text-align: justify;\">Die beiden Letztgenannten d\u00fcrften zu den weltweit popul\u00e4rsten und am weitesten verbreiteten Qigong-Formen geh\u00f6ren. Ich unterrichte sie, weil sie auch von Unge\u00fcbten recht problemlos zu erlernen sind, und weil gerade bei diesen beiden alle K\u00f6rperregionen von Kopf bis Fu\u00df in den Bewegungsablauf eingebunden sind und aktiviert werden. So l\u00e4sst sich besonders intensiv die umfassend wohltuende Wirkung des Qigong erleben und genie\u00dfen.<\/p>\n<p>[\/et_pb_text][\/et_pb_column][\/et_pb_row][\/et_pb_section]<\/p>\n","protected":false},"excerpt":{"rendered":"<p>Qigong-Stile Home Qigong-StileIm Laufe der Zeit haben sich, vergleichbar mit der Entwicklung beim Yoga, etliche ganz unterschiedliche Qigong-Stile herausgebildet. Grunds\u00e4tzlich unterscheidet man zwischen stillen, also rein meditativen Formen und solchen in Bewegung. Hierzu geh\u00f6ren als bekanntere Beispiele etwa:Die beiden Letztgenannten d\u00fcrften zu den weltweit popul\u00e4rsten und am weitesten verbreiteten Qigong-Formen geh\u00f6ren. Ich unterrichte sie, weil [&hellip;]<\/p>\n","protected":false},"author":1,"featured_media":0,"parent":0,"menu_order":0,"comment_status":"closed","ping_status":"closed","template":"","meta":{"_et_pb_use_builder":"on","_et_pb_old_content":"","_et_gb_content_width":"","footnotes":""},"class_list":["post-2188","page","type-page","status-publish","hentry"],"_links":{"self":[{"href":"https:\/\/simply-qigong.de\/index.php?rest_route=\/wp\/v2\/pages\/2188","targetHints":{"allow":["GET"]}}],"collection":[{"href":"https:\/\/simply-qigong.de\/index.php?rest_route=\/wp\/v2\/pages"}],"about":[{"href":"https:\/\/simply-qigong.de\/index.php?rest_route=\/wp\/v2\/types\/page"}],"author":[{"embeddable":true,"href":"https:\/\/simply-qigong.de\/index.php?rest_route=\/wp\/v2\/users\/1"}],"replies":[{"embeddable":true,"href":"https:\/\/simply-qigong.de\/index.php?rest_route=%2Fwp%2Fv2%2Fcomments&post=2188"}],"version-history":[{"count":7,"href":"https:\/\/simply-qigong.de\/index.php?rest_route=\/wp\/v2\/pages\/2188\/revisions"}],"predecessor-version":[{"id":2292,"href":"https:\/\/simply-qigong.de\/index.php?rest_route=\/wp\/v2\/pages\/2188\/revisions\/2292"}],"wp:attachment":[{"href":"https:\/\/simply-qigong.de\/index.php?rest_route=%2Fwp%2Fv2%2Fmedia&parent=2188"}],"curies":[{"name":"wp","href":"https:\/\/api.w.org\/{rel}","templated":true}]}}